 i*k - z = -3*y + 3*k, -2*k + 280 = 5*y. What are the prime factors of y?
2, 3
Let s(y) = -2*y**3 + 2*y**2 - 8*y + 8. Suppose -4*r - 13 = 5*i, 0*i + 22 = -5*i - r. List the prime factors of s(i).
2, 3, 29
Suppose 22*a + 27470 - 126888 = 0. What are the prime factors of a?
4519
Let u be (2448/168)/(((-2)/70)/(-1)). Suppose -3*t - 42 = -u. What are the prime factors of t?
2, 3, 13
Let f(j) = 2*j**3 + 2*j**2 + j - 3. Suppose -5*d + 4 = 3*r, -2*d - 3 + 11 = -2*r. Suppose -d*z + 4 = -2*m, 0 = -0*z + z - 3*m. List the prime factors of f(z).
2, 3
Let m = 4 + -7. Let b(u) be the third derivative of -3*u**6/40 - u**5/20 + u**4/8 + 5*u**3/6 - 155*u**2. What are the prime factors of b(m)?
2, 53
Let a = 935 - 861. List the prime factors of a.
2, 37
Let s(n) = -11*n**2 + 10*n + 46. Let i(b) = -2*b**2. Let u(r) = 5*i(r) - s(r). What are the prime factors of u(17)?
73
Let w(r) = 1277*r - 7744. What are the prime factors of w(43)?
101, 467
Let p = 30258 - 10091. List the prime factors of p.
7, 43, 67
Let p(d) = -4*d**2 + 67*d + 23. Let l be 2/(-9) - 19/((-513)/384). List the prime factors of p(l).
3, 59
Let x(o) = o. Let v be ((-24)/(-20))/((-5)/(-25)). Let b(u) = 46*u - 4. Let n(l) = v*x(l) - b(l). List the prime factors of n(-2).
2, 3, 7
Let w = -343 + 553. Suppose -5*n + 2*n + w = 0. Let p = n + -29. List the prime factors of p.
41
What are the prime factors of (-1 + 584)*(33 + 276/6)?
11, 53, 79
Let m be 1/(1/5 - (-21)/70). Suppose 0 = z - 3*z - 3*a + 17, -10 = -m*a. List the prime factors of 375/9 - ((-1)/3 + z).
41
Let w be 24/18 - (-2)/3. Suppose 0 = 3*y + w*c - 3*c - 12, -2*c = y - 11. List the prime factors of y + (-5 - -3) + 69.
2, 3
Suppose -20*x - 6*x = -4*x - 289498. List the prime factors of x.
13159
Let n(v) = 19*v**2 + 74*v - 20. Let i = -602 - -594. List the prime factors of n(i).
2, 151
Suppose -7*i - 57 = -197. Suppose -5*c = i - 35. Suppose c*b - 62 = -2*q, -15 = -4*q + 1. What are the prime factors of b?
2, 3
Let y = 104 + -96. List the prime factors of 1/(-4) + 0 - (-2954)/y.
3, 41
Let o(w) = 23*w**2 - 60*w + 1149. List the prime factors of o(37).
2, 1901
Let y(m) = 14*m**3 - 3*m + 9. Let o be y(3). Suppose 0 = -2*d + o + 622. Suppose 4*k + 32 = -a + 162, -d = -4*a + 4*k. List the prime factors of a.
2, 3, 7
Let h = -5706 + 3690. Let j = h + 2849. List the prime factors of j.
7, 17
Suppose 25*v - 610795 = -36*v - 90*v. List the prime factors of v.
5, 809
Let z = 15109 - 7104. What are the prime factors of z?
5, 1601
Let h = 57300 + -34164. What are the prime factors of h?
2, 3, 241
Let n(u) = 20*u + 235. Let b be n(-14). What are the prime factors of 9/(b/(-1712)) - 2/5?
2, 3, 19
Let f = 56861 - 30905. List the prime factors of f.
2, 3, 7, 103
Suppose 0 = 3*f - 5*o + 4*o - 17, 0 = -3*f + 2*o + 22. Suppose 4*c + 1319 - 4649 = -2*a, 3320 = f*c + 4*a. List the prime factors of c.
5, 167
Let g be (9 + -8)/((-1)/(-4)). Let x(h) = 2*h**3 - 2*h**2 - 9*h + 2. Let u be x(g). Suppose -p - 3*f + u = 0, p - 20 = -f + 48. List the prime factors of p.
71
Suppose -28*f = 41045 + 27667. What are the prime factors of 5 + f/(-6) - 5?
409
Suppose p = 4*p - 1128. Suppose 0 = 4*o - p - 516. What are the prime factors of o?
223
Suppose 0 = 14*i - 92 - 132. Let p be ((-294)/(-28))/((-1)/(-2)). Suppose p*l - 20*l - i = 0. What are the prime factors of l?
2
Suppose -66*q - 28 = -160. Suppose 4*k + v + 16 = 5*v, k + 14 = 3*v. Suppose k + 1 = -q*y, 5*b = y + 266. List the prime factors of b.
53
Let d be (131/3 - -4) + (-4)/6. Suppose d = -2*s + 63. Let c(z) = -2*z + 29. List the prime factors of c(s).
13
Let y(u) = -98*u + 9. Let j be y(-4). Suppose 0 = -407*s + j*s + 4140. What are the prime factors of s?
2, 3, 5, 23
Suppose g = -2*t + 37, 0 = 4*t - 2*g - 63 - 7. Suppose 4*n = 10*n - t. Suppose n = y - 8. List the prime factors of y.
11
Let j be (1*(-684)/(-30))/(2/5). Let f = j - -202. What are the prime factors of f?
7, 37
Suppose -28*s = -19*s. Let z = -16 - -291. Suppose 5*m - z = -s*m. List the prime factors of m.
5, 11
Let h = 62274 - -2327. What are the prime factors of h?
64601
Let w be ((-4735)/4)/((-38)/152). Suppose 5*g = 5*z - 5925, -5*z + g - w = -9*z. What are the prime factors of z?
2, 37
Suppose 4*l + 999 = 5427. Suppose 6*n - l = 3*n - 3*x, 5*n + 2*x - 1851 = 0. What are the prime factors of n?
7, 53
Let n = 368 + -348. Suppose -40*c + n*c = -17000. List the prime factors of c.
2, 5, 17
Let b = 400 - -29666. List the prime factors of b.
2, 3, 5011
Suppose 0 = -6*h + h + 779675. List the prime factors of -3*(-4)/42 + h/455.
7
Let v(n) = 4*n**2. Let g be v(-1). Suppose -g*l - 526 = -2*l. Let h = l + 406. What are the prime factors of h?
11, 13
Let a be 0 - (0 + 12/(-4)). Suppose a*y - 5*y = -32. Let t(k) = -k**3 + 18*k**2 - 25*k + 30. What are the prime factors of t(y)?
2, 71
Suppose 0 = 3*n - 3 - 0, n = w - 3. What are the prime factors of 425*4/16*w?
5, 17
Suppose -2*q = 7*q - 4*q. Let f(o) = -83*o + 22. What are the prime factors of f(q)?
2, 11
Suppose -173261 = -29*a - 28*a + 144970. What are the prime factors of a?
3, 1861
Let r(o) = 5*o + 3. Let a be r(6). Suppose 3*q - 7*n - a = -2*n, 3*q - 15 = -n. List the prime factors of -4*4/(-24)*873/q.
97
Let k(q) = 158*q + 4774. Let d be k(-28). Let w be 2/2*0 - 0. Suppose 18*m - 23*m + d = w. What are the prime factors of m?
2, 5, 7
Suppose -183*m + 951254 = -840499. What are the prime factors of m?
9791
Let h be 55/(-22) - 3/6. Let m be h + 6 + -2 + 546 + 1. What are the prime factors of (2 + -4)/((-4)/m)?
2, 137
Let r = 240 - 143. Suppose -4*b + r = 3*x + 2*x, 3*b = 5*x + 29. Suppose -5*q = -5*l - 22 - b, 2*l = 4*q - 26. List the prime factors of q.
5
What are the prime factors of 351625/8 - (1443/(-104) + 14)?
3, 7, 13, 23
Suppose a + 2*z = 4, 0 = -6*a + a + 4*z - 8. Suppose -2*y + 1782 = 3*s, a = 4*s - y - 0*y - 2387. What are the prime factors of s?
2, 149
Let r = 635 - 486. Suppose r = -2*h + 5*b + 645, h = 2*b + 250. List the prime factors of h.
2, 3, 43
Let h = -273 + 267. What are the prime factors of (-73)/((-11)/(462/(-36)))*h?
7, 73
Let i = 29506 - -10876. What are the prime factors of i?
2, 61, 331
Let j = 4 - 8. Let q be (3 + -5)*(j - -3). Suppose q*u - 530 = -3*u. List the prime factors of u.
2, 53
Suppose -2*m + 50*f = 49*f - 44006, 5*m - 4*f = 110009. List the prime factors of m.
3, 5, 163
Let o = -263 - -247. What are the prime factors of 17 + o - (-832)/2?
3, 139
Let r = 324 - 320. Suppose -2*v = -5*l + 801, 153 = l - r*v - 0*v. What are the prime factors of l?
7, 23
Suppose 0 = -2*p + 4*l + 278, -3*p + 4*p = -5*l + 146. Suppose -145*j + p*j = -3840. What are the prime factors of j?
2, 3, 5
Suppose -9238*u + 147466 = -9216*u. What are the prime factors of u?
6703
Suppose -4972 - 4400 = -22*h. Suppose 1088 = 430*b - h*b. List the prime factors of b.
2, 17
Let v = 3058 - -999. List the prime factors of v.
4057
Let r = 815 + -691. Suppose r*t = 112*t + 4992. List the prime factors of t.
2, 13
Let l be (-65)/(-25) + 6/(-10). Suppose 1 = -l*f + 7. Suppose -4*p - 27 = -w, -3*w + 33 + 21 = -f*p. What are the prime factors of w?
3, 5
Let m(q) = -36*q**2 - 16*q + 26. Let c(s) = -7*s**2 - 3*s + 5. Let h(x) = -16*c(x) + 3*m(x). Let a be h(-4). Let p = a - 45. List the prime factors of p.
17
Suppose -196 = -5*n + 2*c - c, -4*n = -5*c - 161. Suppose 4*r + 11 = n. Suppose r*s = 574 - 231. What are the prime factors of s?
7
Suppose 2*u = -15*u + 442. Let i = -29 + u. What are the prime factors of 6/(-10) + (i - (-1959)/15)?
127
Let f = 153 + -405. Let x = 440 + f. List the prime factors of x.
2, 47
Let p(j) = j**3 - j**2 - 4*j - 4. Let l be p(3). Suppose 5 = 4*o - l*t - 29, 16 = 4*o + 4*t. What are the prime factors of o?
7
Suppose 18*h - 13*h = -1355. Let y = h - -499. List the prime factors of y.
2, 3, 19
Suppose t - 4*t - 15 = 0. Let v be (-5 - t)/(-1 + 2). Suppose 4*z - 2*z - 94 = v. List the prime factors of z.
47
Let r be 134/(-3) + -2*(-5)/(-30). Let h = 52 + r. Suppose -5*w + h = -13. List the prime factors of w.
2
Suppose -38*b + 39*b = q - 7123, 3*b = -3*q + 21387. What are the prime factors of q?
2, 7, 509
What are the prime factors of (((-15)/(-6))/(-5) - -2)/((-24)/(-123232))?
2, 3851
Suppose 0 = 103*p - 101*p - 278. Suppose -49 = c - 3. Let a = c + p. List the prime factors of